{"id":172,"date":"2016-11-02T09:23:38","date_gmt":"2016-11-02T09:23:38","guid":{"rendered":"http:\/\/bridge87.qodeinteractive.com\/?page_id=172"},"modified":"2020-07-27T23:08:31","modified_gmt":"2020-07-27T23:08:31","slug":"proyectos","status":"publish","type":"page","link":"http:\/\/www.hosagaair.com\/index.php\/proyectos\/","title":{"rendered":"PROYECTOS"},"content":{"rendered":"<body>\n<p>[vc_row css_animation=\u201d\u201d row_type=\u201drow\u201d use_row_as_full_screen_section=\u201dno\u201d type=\u201dgrid\u201d angled_section=\u201dno\u201d text_align=\u201dcenter\u201d background_image_as_pattern=\u201dwithout_pattern\u201d css=\u201d.vc_custom_1595890615539{padding-top: 130px !important;background-position: center !important;background-repeat: no-repeat !important;background-size: cover !important;}\u201d el_class=\u201dqode-lower-section-z-index\u201d z_index=\u201d\u201d][vc_column][vc_column_text]<\/p>\n<h3><span style=\"color: #30a1fb;\">Creamos las soluciones de acuerdo con las necesidades y presupuesto de cada cliente<\/span><\/h3>\n<p>[\/vc_column_text][vc_separator type=\u201dnormal\u201d thickness=\u201d5px\u201d][vc_empty_space height=\u201d7px\u201d][vc_column_text]<\/p>\n<h5><span style=\"color: #333333;\">Nuestro enfoque es crear confianza a trav\u00e9s de la transparencia, profesionalismo, ingenier\u00eda, herramientas, equipos y accesorios que provean las soluciones integrales de aire acondicionado, ventilaci\u00f3n y extracci\u00f3n seg\u00fan los dise\u00f1os e instalaciones de cada cliente<\/span><\/h5>\n<p>[\/vc_column_text][vc_empty_space height=\u201d18px\u201d][vc_empty_space height=\u201d18px\u201d][vc_empty_space height=\u201d7px\u201d][\/vc_column][vc_column][\/vc_column][vc_column][\/vc_column][\/vc_row][vc_row css_animation=\u201d\u201d row_type=\u201drow\u201d use_row_as_full_screen_section=\u201dno\u201d type=\u201dgrid\u201d angled_section=\u201dno\u201d text_align=\u201dleft\u201d background_image_as_pattern=\u201dwithout_pattern\u201d][vc_column css=\u201d.vc_custom_1481530374674{margin-bottom: -181px !important;}\u201d]<div class=\"qode-blog-carousel-titled\" data-posts-shown=\"5\">\n\t<div class=\"qode-bct-title-holder\" style=\"background-color:#2e82ea;color:#ffffff\">\n\t\t<a class=\"qode-bct-caroufredsel-prev\" href=\"#\">\n\t\t\t<span class=\"qode-bct-caroufredsel-nav-inner\">\n\t\t\t\t<span class=\"qode-bct-caroufredsel-nav-icon-holder\">\n\t\t\t\t\t<span class=\"arrow_carrot-left\"><\/span>\n\t\t\t\t<\/span>\n\t\t\t<\/span>\n\t\t<\/a>\n\t\t\t\t\t\t\t\t<h4>\n\t\t\t\t\t\tPROYECTOS\t\t\t\t\t<\/h4>\n\t\t\t\t<a class=\"qode-bct-caroufredsel-next\" href=\"#\">\n\t\t<span class=\"qode-bct-caroufredsel-nav-inner\">\n\t\t\t<span class=\"qode-bct-caroufredsel-nav-icon-holder\">\n\t\t\t\t<span class=\"arrow_carrot-right\"><\/span>\n\t\t\t<\/span>\n\t\t<\/span>\n\t<\/a>\n\t<\/div>\n\t\t\t<div class=\"qode-bct-posts-holder\">\n\t\t<div class=\"qode-bct-posts\">\n\t\t\t\t\t\t\t\t\t\t\t\t<div class=\"qode-bct-post\">\n\t\t\t\t\t\t\t\t\t\t\t\t\t<div class=\"qode-bct-post-image\">\n\t\t\t\t\t\t\t\t<a href=\"http:\/\/www.hosagaair.com\/index.php\/2017\/03\/12\/bisquets-obregon\/\" itemprop=\"url\">\n\t\t\t\t\t\t\t\t\t<body><img decoding=\"async\" width=\"234\" height=\"131\" src=\"https:\/\/i0.wp.com\/www.hosagaair.com\/wp-content\/uploads\/2020\/06\/bisquetsSnapper.png?fit=234%2C131\" class=\"attachment-full size-full wp-post-image\" alt=\"\" loading=\"lazy\"><\/body>\t\t\t\t\t\t\t\t<\/a>\n\t\t\t\t\t\t\t<\/div>\n\t\t\t\t\t\t\t\t\t\t\t\t<div class=\"qode-bct-post-text\">\n\t\t\t\t\t\t\t<h4 class=\"qode-bct-post-title entry_title\" itemprop=\"name\">\n\t\t\t\t\t\t\t\t<a href=\"http:\/\/www.hosagaair.com\/index.php\/2017\/03\/12\/bisquets-obregon\/\" itemprop=\"url\">Bisquets Obreg\u00f3n<\/a>\n\t\t\t\t\t\t\t<\/h4>\n\t\t\t\t\t\t\t\t\t\t\t\t\t\t<p itemprop=\"description\" class = \"qode-bct-post-excerpt\"> Suministro e instalaci\u00f3n de equipos\u00a0tipo paquete (60 TR), sistemas de extracci\u00f3n<\/p>\n\t\t\t\t\t\t\t<div class=\"qode-bct-post-date entry_date updated\" itemprop=\"dateCreated\">\n\t\t\t\t\t\t\t\t\t\t\t\t\t\t\t\t<meta itemprop=\"interactionCount\" content=\"UserComments: 0\"\/>\n\t\t\t\t\t\t\t<\/div>\n\t\t\t\t\t\t<\/div>\n\t\t\t\t\t<\/div>\n\t\t\t\t\t\t\t\t\t\t\t\t<div class=\"qode-bct-post\">\n\t\t\t\t\t\t\t\t\t\t\t\t\t<div class=\"qode-bct-post-image\">\n\t\t\t\t\t\t\t\t<a href=\"http:\/\/www.hosagaair.com\/index.php\/2017\/11\/01\/oficinas-corporativo-femsa\/\" itemprop=\"url\">\n\t\t\t\t\t\t\t\t\t<body><img decoding=\"async\" width=\"234\" height=\"131\" src=\"https:\/\/i0.wp.com\/www.hosagaair.com\/wp-content\/uploads\/2016\/11\/femsasnap.png?fit=234%2C131\" class=\"attachment-full size-full wp-post-image\" alt=\"\" loading=\"lazy\"><\/body>\t\t\t\t\t\t\t\t<\/a>\n\t\t\t\t\t\t\t<\/div>\n\t\t\t\t\t\t\t\t\t\t\t\t<div class=\"qode-bct-post-text\">\n\t\t\t\t\t\t\t<h4 class=\"qode-bct-post-title entry_title\" itemprop=\"name\">\n\t\t\t\t\t\t\t\t<a href=\"http:\/\/www.hosagaair.com\/index.php\/2017\/11\/01\/oficinas-corporativo-femsa\/\" itemprop=\"url\">Oficinas Corporativo FEMSA<\/a>\n\t\t\t\t\t\t\t<\/h4>\n\t\t\t\t\t\t\t\t\t\t\t\t\t\t<p itemprop=\"description\" class = \"qode-bct-post-excerpt\"> Suministro e Instalaci\u00f3n de sistema VRV (120 TR)<\/p>\n\t\t\t\t\t\t\t<div class=\"qode-bct-post-date entry_date updated\" itemprop=\"dateCreated\">\n\t\t\t\t\t\t\t\t\t\t\t\t\t\t\t\t<meta itemprop=\"interactionCount\" content=\"UserComments: 0\"\/>\n\t\t\t\t\t\t\t<\/div>\n\t\t\t\t\t\t<\/div>\n\t\t\t\t\t<\/div>\n\t\t\t\t\t\t\t\t\t\t\t\t<div class=\"qode-bct-post\">\n\t\t\t\t\t\t\t\t\t\t\t\t\t<div class=\"qode-bct-post-image\">\n\t\t\t\t\t\t\t\t<a href=\"http:\/\/www.hosagaair.com\/index.php\/2019\/07\/04\/plaza-chroma\/\" itemprop=\"url\">\n\t\t\t\t\t\t\t\t\t<body><img decoding=\"async\" width=\"234\" height=\"131\" src=\"https:\/\/i0.wp.com\/www.hosagaair.com\/wp-content\/uploads\/2020\/06\/cromasnap.png?fit=234%2C131\" class=\"attachment-full size-full wp-post-image\" alt=\"\" loading=\"lazy\"><\/body>\t\t\t\t\t\t\t\t<\/a>\n\t\t\t\t\t\t\t<\/div>\n\t\t\t\t\t\t\t\t\t\t\t\t<div class=\"qode-bct-post-text\">\n\t\t\t\t\t\t\t<h4 class=\"qode-bct-post-title entry_title\" itemprop=\"name\">\n\t\t\t\t\t\t\t\t<a href=\"http:\/\/www.hosagaair.com\/index.php\/2019\/07\/04\/plaza-chroma\/\" itemprop=\"url\">Plaza Chroma<\/a>\n\t\t\t\t\t\t\t<\/h4>\n\t\t\t\t\t\t\t\t\t\t\t\t\t\t<p itemprop=\"description\" class = \"qode-bct-post-excerpt\"> Suministro e instalaci\u00f3n de equipos tipo paquete de aire acondicionado para plaza comercial<\/p>\n\t\t\t\t\t\t\t<div class=\"qode-bct-post-date entry_date updated\" itemprop=\"dateCreated\">\n\t\t\t\t\t\t\t\t\t\t\t\t\t\t\t\t<meta itemprop=\"interactionCount\" content=\"UserComments: 0\"\/>\n\t\t\t\t\t\t\t<\/div>\n\t\t\t\t\t\t<\/div>\n\t\t\t\t\t<\/div>\n\t\t\t\t\t\t\t\t\t\t\t\t<div class=\"qode-bct-post\">\n\t\t\t\t\t\t\t\t\t\t\t\t\t<div class=\"qode-bct-post-image\">\n\t\t\t\t\t\t\t\t<a href=\"http:\/\/www.hosagaair.com\/index.php\/2020\/01\/22\/tecnologico-de-monterrey\/\" itemprop=\"url\">\n\t\t\t\t\t\t\t\t\t<body><img decoding=\"async\" width=\"234\" height=\"131\" src=\"https:\/\/i0.wp.com\/www.hosagaair.com\/wp-content\/uploads\/2020\/06\/uni.png?fit=234%2C131\" class=\"attachment-full size-full wp-post-image\" alt=\"\" loading=\"lazy\"><\/body>\t\t\t\t\t\t\t\t<\/a>\n\t\t\t\t\t\t\t<\/div>\n\t\t\t\t\t\t\t\t\t\t\t\t<div class=\"qode-bct-post-text\">\n\t\t\t\t\t\t\t<h4 class=\"qode-bct-post-title entry_title\" itemprop=\"name\">\n\t\t\t\t\t\t\t\t<a href=\"http:\/\/www.hosagaair.com\/index.php\/2020\/01\/22\/tecnologico-de-monterrey\/\" itemprop=\"url\">Tecnol\u00f3gico de Monterrey<\/a>\n\t\t\t\t\t\t\t<\/h4>\n\t\t\t\t\t\t\t\t\t\t\t\t\t\t<p itemprop=\"description\" class = \"qode-bct-post-excerpt\"> Proyecto de movimiento de 120 toneladas de condensadoras seg\u00fan proyecto del cliente.<\/p>\n\t\t\t\t\t\t\t<div class=\"qode-bct-post-date entry_date updated\" itemprop=\"dateCreated\">\n\t\t\t\t\t\t\t\t\t\t\t\t\t\t\t\t<meta itemprop=\"interactionCount\" content=\"UserComments: 0\"\/>\n\t\t\t\t\t\t\t<\/div>\n\t\t\t\t\t\t<\/div>\n\t\t\t\t\t<\/div>\n\t\t\t\t\t\t\t\t\t\t\t\t<div class=\"qode-bct-post\">\n\t\t\t\t\t\t\t\t\t\t\t\t\t<div class=\"qode-bct-post-image\">\n\t\t\t\t\t\t\t\t<a href=\"http:\/\/www.hosagaair.com\/index.php\/2020\/02\/15\/torre-san-pedro\/\" itemprop=\"url\">\n\t\t\t\t\t\t\t\t\t<body><img decoding=\"async\" width=\"232\" height=\"132\" src=\"https:\/\/i0.wp.com\/www.hosagaair.com\/wp-content\/uploads\/2020\/02\/B.png?fit=232%2C132\" class=\"attachment-full size-full wp-post-image\" alt=\"\" loading=\"lazy\"><\/body>\t\t\t\t\t\t\t\t<\/a>\n\t\t\t\t\t\t\t<\/div>\n\t\t\t\t\t\t\t\t\t\t\t\t<div class=\"qode-bct-post-text\">\n\t\t\t\t\t\t\t<h4 class=\"qode-bct-post-title entry_title\" itemprop=\"name\">\n\t\t\t\t\t\t\t\t<a href=\"http:\/\/www.hosagaair.com\/index.php\/2020\/02\/15\/torre-san-pedro\/\" itemprop=\"url\">Torre San Pedro<\/a>\n\t\t\t\t\t\t\t<\/h4>\n\t\t\t\t\t\t\t\t\t\t\t\t\t\t<p itemprop=\"description\" class = \"qode-bct-post-excerpt\"> Suministro e instalaci\u00f3n de unidades exteriores tipo condensadoras con una capacidad total\r\nde 720 toneladas.<\/p>\n\t\t\t\t\t\t\t<div class=\"qode-bct-post-date entry_date updated\" itemprop=\"dateCreated\">\n\t\t\t\t\t\t\t\t\t\t\t\t\t\t\t\t<meta itemprop=\"interactionCount\" content=\"UserComments: 0\"\/>\n\t\t\t\t\t\t\t<\/div>\n\t\t\t\t\t\t<\/div>\n\t\t\t\t\t<\/div>\n\t\t\t\t\t\t\t\t\t\t\t\t<div class=\"qode-bct-post\">\n\t\t\t\t\t\t\t\t\t\t\t\t\t<div class=\"qode-bct-post-image\">\n\t\t\t\t\t\t\t\t<a href=\"http:\/\/www.hosagaair.com\/index.php\/2020\/02\/18\/complejo-de-departamentos-las-terrazas\/\" itemprop=\"url\">\n\t\t\t\t\t\t\t\t\t<body><img decoding=\"async\" width=\"232\" height=\"131\" src=\"https:\/\/i0.wp.com\/www.hosagaair.com\/wp-content\/uploads\/2020\/02\/P.png?fit=232%2C131\" class=\"attachment-full size-full wp-post-image\" alt=\"\" loading=\"lazy\"><\/body>\t\t\t\t\t\t\t\t<\/a>\n\t\t\t\t\t\t\t<\/div>\n\t\t\t\t\t\t\t\t\t\t\t\t<div class=\"qode-bct-post-text\">\n\t\t\t\t\t\t\t<h4 class=\"qode-bct-post-title entry_title\" itemprop=\"name\">\n\t\t\t\t\t\t\t\t<a href=\"http:\/\/www.hosagaair.com\/index.php\/2020\/02\/18\/complejo-de-departamentos-las-terrazas\/\" itemprop=\"url\">Complejo de departamentos Las Terrazas<\/a>\n\t\t\t\t\t\t\t<\/h4>\n\t\t\t\t\t\t\t\t\t\t\t\t\t\t<p itemprop=\"description\" class = \"qode-bct-post-excerpt\"> Proyecto de suministro e instalaci\u00f3n Unidades de volumen de refrigerante.<\/p>\n\t\t\t\t\t\t\t<div class=\"qode-bct-post-date entry_date updated\" itemprop=\"dateCreated\">\n\t\t\t\t\t\t\t\t\t\t\t\t\t\t\t\t<meta itemprop=\"interactionCount\" content=\"UserComments: 0\"\/>\n\t\t\t\t\t\t\t<\/div>\n\t\t\t\t\t\t<\/div>\n\t\t\t\t\t<\/div>\n\t\t\t\t\t\t\t\t\t\t\t\t<div class=\"qode-bct-post\">\n\t\t\t\t\t\t\t\t\t\t\t\t\t<div class=\"qode-bct-post-image\">\n\t\t\t\t\t\t\t\t<a href=\"http:\/\/www.hosagaair.com\/index.php\/2020\/06\/25\/banco-bancrea\/\" itemprop=\"url\">\n\t\t\t\t\t\t\t\t\t<body><img decoding=\"async\" width=\"234\" height=\"131\" src=\"https:\/\/i0.wp.com\/www.hosagaair.com\/wp-content\/uploads\/2016\/11\/bancrea.png?fit=234%2C131\" class=\"attachment-full size-full wp-post-image\" alt=\"\" loading=\"lazy\"><\/body>\t\t\t\t\t\t\t\t<\/a>\n\t\t\t\t\t\t\t<\/div>\n\t\t\t\t\t\t\t\t\t\t\t\t<div class=\"qode-bct-post-text\">\n\t\t\t\t\t\t\t<h4 class=\"qode-bct-post-title entry_title\" itemprop=\"name\">\n\t\t\t\t\t\t\t\t<a href=\"http:\/\/www.hosagaair.com\/index.php\/2020\/06\/25\/banco-bancrea\/\" itemprop=\"url\">Banco Bancrea<\/a>\n\t\t\t\t\t\t\t<\/h4>\n\t\t\t\t\t\t\t\t\t\t\t\t\t\t<p itemprop=\"description\" class = \"qode-bct-post-excerpt\"> Suministro e instalaci\u00f3n de unidades con volumen de refrigerante variable<\/p>\n\t\t\t\t\t\t\t<div class=\"qode-bct-post-date entry_date updated\" itemprop=\"dateCreated\">\n\t\t\t\t\t\t\t\t\t\t\t\t\t\t\t\t<meta itemprop=\"interactionCount\" content=\"UserComments: 0\"\/>\n\t\t\t\t\t\t\t<\/div>\n\t\t\t\t\t\t<\/div>\n\t\t\t\t\t<\/div>\n\t\t\t\t\t\t\t\t\t\t\t\t<div class=\"qode-bct-post\">\n\t\t\t\t\t\t\t\t\t\t\t\t\t<div class=\"qode-bct-post-image\">\n\t\t\t\t\t\t\t\t<a href=\"http:\/\/www.hosagaair.com\/index.php\/2020\/07\/25\/proyectoresidencial\/\" itemprop=\"url\">\n\t\t\t\t\t\t\t\t\t<body><img decoding=\"async\" width=\"297\" height=\"169\" src=\"https:\/\/i0.wp.com\/www.hosagaair.com\/wp-content\/uploads\/2020\/07\/Snap.png?fit=297%2C169\" class=\"attachment-full size-full wp-post-image\" alt=\"\" loading=\"lazy\"><\/body>\t\t\t\t\t\t\t\t<\/a>\n\t\t\t\t\t\t\t<\/div>\n\t\t\t\t\t\t\t\t\t\t\t\t<div class=\"qode-bct-post-text\">\n\t\t\t\t\t\t\t<h4 class=\"qode-bct-post-title entry_title\" itemprop=\"name\">\n\t\t\t\t\t\t\t\t<a href=\"http:\/\/www.hosagaair.com\/index.php\/2020\/07\/25\/proyectoresidencial\/\" itemprop=\"url\">Proyecto Residencial<\/a>\n\t\t\t\t\t\t\t<\/h4>\n\t\t\t\t\t\t\t\t\t\t\t\t\t\t<p itemprop=\"description\" class = \"qode-bct-post-excerpt\"> Proyecto de suministro e instalaci\u00f3n Unidades de volumen de refrigerante.<\/p>\n\t\t\t\t\t\t\t<div class=\"qode-bct-post-date entry_date updated\" itemprop=\"dateCreated\">\n\t\t\t\t\t\t\t\t\t\t\t\t\t\t\t\t<meta itemprop=\"interactionCount\" content=\"UserComments: 0\"\/>\n\t\t\t\t\t\t\t<\/div>\n\t\t\t\t\t\t<\/div>\n\t\t\t\t\t<\/div>\n\t\t\t\t\t<\/div>\n\t\t<\/div>\n\t<\/div>[vc_empty_space height=\u201d28px\u201d][\/vc_column][\/vc_row][vc_row css_animation=\u201d\u201d row_type=\u201drow\u201d use_row_as_full_screen_section=\u201dno\u201d type=\u201dgrid\u201d angled_section=\u201dno\u201d text_align=\u201dcenter\u201d background_image_as_pattern=\u201dwithout_pattern\u201d css=\u201d.vc_custom_1481531315540{padding-top: 270px !important;background-image: url(http:\/\/hosagaair.com.redlatitud.com\/wp-content\/uploads\/2016\/09\/background.jpg?id=205) !important;background-position: center !important;background-repeat: no-repeat !important;background-size: cover !important;}\u201d el_class=\u201dqode-lower-section-z-index\u201d][vc_column][vc_column_text]<\/p>\n<h6>Hosaga Air Solutions<\/h6>\n<p>[\/vc_column_text][vc_empty_space height=\u201d7px\u201d][vc_column_text]<\/p>\n<h2><span style=\"color: #ffffff;\">Empresa l\u00edder en el ramo de HVAC y Sistemas VRV<\/span><\/h2>\n<p>[\/vc_column_text][vc_empty_space height=\u201d28px\u201d][vc_empty_space height=\u201d28px\u201d][vc_single_image image=\u201d672\u2033 img_size=\u201dlarge\u201d alignment=\u201dcenter\u201d qode_css_animation=\u201d\u201d][vc_empty_space height=\u201d78px\u201d][\/vc_column][\/vc_row]<\/p>\n<\/body>","protected":false},"excerpt":{"rendered":"<p>[vc_row css_animation=\u201d\u201d row_type=\u201drow\u201d use_row_as_full_screen_section=\u201dno\u201d type=\u201dgrid\u201d angled_section=\u201dno\u201d text_align=\u201dcenter\u201d background_image_as_pattern=\u201dwithout_pattern\u201d css=\u201d.vc_custom_1595890615539{padding-top: 130px !important;background-position: center !important;background-repeat: no-repeat !important;background-size: cover !important;}\u201d el_class=\u201dqode-lower-section-z-index\u201d z_index=\u201d\u201d][vc_column][vc_column_text] Creamos las soluciones de acuerdo con las necesidades y presupuesto de cada cliente [\/vc_column_text][vc_separator type=\u201dnormal\u201d thickness=\u201d5px\u201d][vc_empty_space height=\u201d7px\u201d][vc_column_text] Nuestro enfoque es crear confianza a trav\u00e9s de la&#8230;<\/p>\n","protected":false},"author":1,"featured_media":0,"parent":0,"menu_order":0,"comment_status":"closed","ping_status":"closed","template":"full_width.php","meta":{"om_disable_all_campaigns":false,"footnotes":""},"class_list":["post-172","page","type-page","status-publish","hentry"],"jetpack_sharing_enabled":true,"_links":{"self":[{"href":"http:\/\/www.hosagaair.com\/index.php\/wp-json\/wp\/v2\/pages\/172"}],"collection":[{"href":"http:\/\/www.hosagaair.com\/index.php\/wp-json\/wp\/v2\/pages"}],"about":[{"href":"http:\/\/www.hosagaair.com\/index.php\/wp-json\/wp\/v2\/types\/page"}],"author":[{"embeddable":true,"href":"http:\/\/www.hosagaair.com\/index.php\/wp-json\/wp\/v2\/users\/1"}],"replies":[{"embeddable":true,"href":"http:\/\/www.hosagaair.com\/index.php\/wp-json\/wp\/v2\/comments?post=172"}],"version-history":[{"count":15,"href":"http:\/\/www.hosagaair.com\/index.php\/wp-json\/wp\/v2\/pages\/172\/revisions"}],"predecessor-version":[{"id":676,"href":"http:\/\/www.hosagaair.com\/index.php\/wp-json\/wp\/v2\/pages\/172\/revisions\/676"}],"wp:attachment":[{"href":"http:\/\/www.hosagaair.com\/index.php\/wp-json\/wp\/v2\/media?parent=172"}],"curies":[{"name":"wp","href":"https:\/\/api.w.org\/{rel}","templated":true}]}}